t v(r) = 9 + 4*r + 2*r - o*r. Determine v(-6).
-3
Let u(w) = -w**3 + 6*w**2 - 6*w + 2. Let z = -17 - -21. Suppose 2*q - z - 6 = 0. Determine u(q).
-3
Suppose -7 - 19 = -2*n. Let i(b) = -b**3 + 13*b**2 + 2. Let a be i(n). Let t(o) = -2*o + 1. Calculate t(a).
-3
Let b(h) = 2*h**3 - 2*h**2 - 2. Let z be b(2). Let w(u) = -u**2 + 8*u. Let x(i) = 2*i**2 - 16*i - 1. Let r(f) = 7*w(f) + 3*x(f). Give r(z).
9
Let x(g) = 21*g + 1. Let a(j) = -j**3 - 22*j**2 - 22*j - 22. Let m be a(-21). Determine x(m).
-20
Let m(p) = -p**3 + 6*p**2 + 3*p - 7. Let h(i) = -2*i - 16. Let x be h(-11). Calculate m(x).
11
Let y = 3 - 4. Let w be y*1/(-1)*-3. Let k(m) = -m**3 - 3*m**2 - 2*m - 2. Calculate k(w).
4
Let p(i) be the third derivative of -i**5/60 - i**4/3 + i**3/3 + i**2. Determine p(-7).
9
Let q(g) = g**3 + 2*g**2 - 2. Let j(z) = z + z - 3*z - 1. Let a be j(1). What is q(a)?
-2
Let g(s) = s**2 - 3*s + 5. Let a = 14 - 10. Give g(a).
9
Let t(x) = 3*x - 5. Suppose -5*p - f = f - 18, 2*p = -f + 8. Suppose p*d = 4 + 4. Give t(d).
7
Let c(b) = -60*b**2 + b**3 - 4*b + 3 + 55*b**2 + 3*b. Give c(5).
-2
Let b(t) = 4*t - 2*t**2 + 0 - 2*t + 0. Suppose -21*i + 19*i - 4 = 0. Determine b(i).
-12
Let v(u) = -u - 3. Suppose -2*n = -0*n - 3*k - 2, 0 = 4*k + 16. Let c(x) = x + 5. Let f be c(n). Determine v(f).
-3
Let k(h) = 2980*h - 5964*h + 7 + 2986*h. Let j(q) = q + 11. Let u be j(-5). Calculate k(u).
19
Let x(q) = q**3 - 3*q**2 + 4*q - 2. Let c be x(2). Let m(f) be the second derivative of 1/2*f**2 - 2/3*f**3 + 2*f + 0. Determine m(c).
-7
Let j(f) = f**3 - 5*f**2 + 8*f - 4. Let i be j(3). Let w = 0 - -3. Let c(r) = w*r**2 + 7 - 6*r + r - 2*r**i. Give c(5).
7
Let s(o) = o**2 - 6*o - 3. Let m(j) = -4*j - 4. Let z be m(-3). Let d = -3 + z. Give s(d).
-8
Let j(y) = 2*y + 5. Let r be j(-4). Let k(o) be the third derivative of -o**6/120 - o**5/20 + o**4/8 + o**3/2 + 9*o**2. Calculate k(r).
-6
Let f(q) = -q**3 - 3*q**2 - 3*q - 3. Let r be f(-3). Let u(p) = r*p + p + p. Let m(w) = w**2 - 2*w + 1. Let y be m(2). Calculate u(y).
8
Let n(o) be the second derivative of -13*o**4/12 - 10*o. Determine n(-1).
-13
Let n be (-8 - 0)*1/(-2). Suppose -5*f = 4*p + 1, -5*f - 9 = -n*p + 40. Let d(y) = 3*y + 21. Let u(q) = -q - 10. Let c(r) = 2*d(r) + 5*u(r). Determine c(p).
-2
Suppose 5*b - 48 - 2 = 0. Suppose -4*g = -5*m - b, 0 = 4*g + 4*m - 7*m - 14. Let w(u) = 3*u + 2*u - 4*u - 4. Calculate w(g).
1
Let c be (-2)/(-4) - (-18)/4. Let n(o) be the first derivative of -o**2/2 + 2*o + 19. Determine n(c).
-3
Let h(r) be the second derivative of -r**5/20 - 2*r**4/3 - 7*r**3/6 - r**2 - 33*r. Determine h(-7).
-2
Let p(d) = d**3 + 3*d**2 + 4*d - 1. Let v(b) = -b**3 - 3*b**2 - 5*b + 2. Let f(r) = -7*p(r) - 6*v(r). Suppose -h = 3*h + 16. Calculate f(h).
3
Let u(x) = x - 11. Let p be u(8). Let d(w) = w**2 + 2. Give d(p).
11
Let r(w) = 6*w**2 - 11*w + 7. Let l = -8 + 14. Let u(s) = 7*s**2 - 12*s + 8. Let f(a) = l*r(a) - 5*u(a). Determine f(5).
-3
Suppose -8*p = -10*p - 2. Let h(n) = 17*n. Determine h(p).
-17
Let q(h) be the second derivative of -h**4/4 + h**3/6 - 3*h**2 - h. Let s(u) = -4*u**2 + u - 7. Let k(y) = -5*q(y) + 4*s(y). Give k(0).
2
Let z be -1 + (-2)/4*-22. Suppose -d + 6*d = z. Let j(q) = -2*q**2 - 2*q - 5. Let b(h) = 3*h**2 + 3*h + 9. Let n(k) = -3*b(k) - 5*j(k). Calculate n(d).
4
Let k = 59 + -37. Suppose -f + 26 = 3*x + 2*x, 2*f - k = -4*x. Let y(o) = o**3 - 6*o**2 + 5*o - 5. Let i be y(x). Let s(a) = a**2 + 7*a + 6. What is s(i)?
-4
Let d(v) = v**2 + 6*v - 1. Suppose 0*q = 5*q - 60. Let n = q - 18. Give d(n).
-1
Let g be (-4)/(-6) - 4/6. Suppose p + p = g. Let h(a) = -8*a - 2. Let o(r) = -3*r - 1. Let d(u) = 4*h(u) - 11*o(u). Give d(p).
3
Let c(h) = h**3 - 2*h**2 + 2*h + 1. Let u be 1*(-14 - -3 - 1). Let b = u + 14. Determine c(b).
5
Suppose 7 = 4*r + 27. Let v be (-2)/(-6)*(-6)/(-1). Let z(n) = -1 + 3 + v - 4*n - n**2. Calculate z(r).
-1
Let d(o) = -2*o + 5. Let f(s) = 2*s - 6. Let l(r) = 3*d(r) + 2*f(r). What is l(5)?
-7
Let d(a) be the third derivative of a**6/120 - a**5/30 - 2*a**3/3 - 13*a**2. What is d(3)?
5
Let m(n) = -n + 7. Let v(b) = 3*b**2 - 2*b - 2. Suppose 0 = 2*o + o - 6. Let c be v(o). Determine m(c).
1
Let g(r) = r**3 - 8*r**2 + 8*r + 8. Let j be g(7). Let p(m) = -34 + 16 + m + j. Give p(3).
0
Let a(f) be the first derivative of f**4/8 - f**3/3 + f**2 - 3. Let d(y) be the second derivative of a(y). Determine d(2).
4
Let q(o) = -8*o + 1. Suppose -f + 19 - 20 = 0. Give q(f).
9
Let p = 8 - 7. Let r be (p + 0)*(7 + -3). Let n(t) = -t**3 + 3*t**2 + 5*t - 4. Determine n(r).
0
Suppose 0 = 2*z - 3*z + 8. Suppose -3*f + z = 2. Let p(j) = -j**2 + 2*j - j**f - 4*j + j. What is p(1)?
-3
Let y(b) = -1 + 1 + 2*b. Let o = 62 - 63. What is y(o)?
-2
Let b(s) = 5*s**2 + 3. Let z(t) = 9*t**2 + 7. Let m(n) = 9*b(n) - 4*z(n). What is m(-1)?
8
Let p(k) = -k + 4. Suppose -4*y - y - 15 = 0. Let m(r) be the first derivative of -r**2 - 2*r - 5. Let s be m(y). Give p(s).
0
Suppose -5*w = 2*u - w - 12, -u - 2 = -2*w. Let l(f) = 11*f + 8. Let t(a) = 4*a + 3. Let q(x) = -3*l(x) + 8*t(x). Calculate q(u).
-2
Let t(r) = -r**3 + 5*r**2 + 6*r + 7. Suppose 0 = 4*d - 8. Suppose 6 = d*h - 6. Determine t(h).
7
Let z = 4 + -2. Let d be 12/21*7/2. Let c(j) = 0*j**2 - j**z + d*j - 3*j - 4*j**3 - 1. Determine c(-1).
3
Suppose -2*d - l + 4*l = 9, 12 = 3*d + 4*l. Let w(k) = k**3 - k**2 - 6. Give w(d).
-6
Let s = 4 - 0. Let t = 6 - s. Suppose -l + 3 = r, r + 3*r - 14 = -t*l. Let g(v) = -7*v**3 + v + 1. Give g(l).
7
Let o(l) = 3*l - 1. Let w be o(2). Let s(n) = 5*n**2 - 2 + w + 7*n + n**3 - 2*n. Suppose 5*x + 3*y + 12 = 0, 0 = 3*x - y + 7 + 3. Give s(x).
6
Let q = 14 + -19. Let h(l) = -l**2 - 3*l + 7. Give h(q).
-3
Let j(g) = 5*g**2 - 9*g - 3. Let f(q) = 4*q**2 - 9*q - 4. Let n(h) = -6*f(h) + 5*j(h). Give n(-6).
-9
Let i be (3 - 4) + -3*1. Let j = 6 + i. Let t = 1 - j. Let c(g) = 6*g + 1. Calculate c(t).
-5
Let x(f) = -f**2 - 10*f - 6. Let s be ((-35)/(-10))/(-1)*2. Give x(s).
15
Suppose 4*u + 19 = -u + 3*o, -2*u + 4*o - 2 = 0. Let a(y) be the second derivative of -7/2*y**2 - y + 0 + 1/2*y**3 + 1/12*y**4. Determine a(u).
3
Suppose 0*u - 5*u + 34 = 2*p, -2*u + 5*p + 2 = 0. Let f(b) = 0 - 4 + 1 - u*b. Let j(s) = -s**2 - s. Let n be j(-2). Calculate f(n).
9
Let l(y) = -2*y - 10. Let n = 24 + -30. Let j be l(n). Let u(w) = w**2 - 3*w + 3. Calculate u(j).
1
Let c(h) = 17*h - 9. Let l(n) = -4*n + 2. Let k(r) = 4*c(r) + 18*l(r). Let z(f) = f**2 - f - 1. Let m be z(2). What is k(m)?
-4
Let i = -48 + 51. Let q(n) = -2*n**2 + 3*n. Determine q(i).
-9
Let b(j) = j**2 - 4. Let v be 4/(-18)*3 - 10/3. Calculate b(v).
12
Let b(u) be the first derivative of 1/3*u**3 + 0*u**2 - 3 - u + 3/2*u**4. Calculate b(1).
6
Let x(a) = 3*a + 13 - 5 - 6 + a**2 - 2*a. Calculate x(-2).
4
Let d = -3 - -6. Let g be (d + -6)*2/(-3). Let n(l) = -5*l + 2. Calculate n(g).
-8
Let y(r) = 7*r + 1. Let a be (-1)/2*(-4 - 2). Let w = -4 + 7. Suppose -a*l + 5 = -5*d, d + 4*l - w = 4*d. Determine y(d).
-6
Let r be ((2 - -15) + -3)/(-2). Let j(n) = -n**3 - 8*n**2 - 7*n + 1. Let m be j(r). Let g(o) = 0*o**2 - 4*o**3 + o**2 - 2*o**3. Determine g(m).
-5
Let t(w) = -w**3 + 3*w**2 + 4*w + 5. Suppose -7*a = -6 - 22. What is t(a)?
5
Let o(i) be the first derivative of -i**5/120 + i**3 + 2. Let d(p) be the third derivative of o(p). Let k be d(0). Let l(g) = g**2 + 2. Give l(k).
2
Suppose -3*c = -5*c - 4*b - 30, 4*c - 4*b = 0. Let p(i) = -i**2 - 3*i + 3. Give p(c).
-7
Let r(k) = -2*k + 7. Let p(h) = h - 7. Let x(t) = 3*p(t) + 2*r(t). Give x(-5).
-2
Let d(u) be the first derivative of u**5/5 + u**4/12 - u**3/6 - 9*u**2/2 + 2. Let o(v) be the second derivative of d(v). Determine o(1).
13
Let p(k) = 9*k - 3. Let g be p(1). Let j(u) = u**3 - 7*u**2 + 8*u - 8. Calculate j(g).
4
Let d(h) = 2*h**3 - 14*h**2 + 10*h + 5. Let g(t) = t**3 - 7*t**2 + 5*t + 2. Let s(a) = 3*d(a) - 5*g(a). Determine s(6).
-1
Let l(f) = 2*f + 7. Let o(n) = 4*n + 13. Let t(v) = 5*l(v) - 2*o(v). Give t(-7).
-5
Let o(p) = -4*p**2 - p**2 + 2*p**2 + 3 - p**3 + 3*p. Let t be 1/(36/(-20) + 2). Suppose 3*l + 17 = -t*i - 5, -3*l - 16 = 2*i. What is o(l)?
7
Let a(g) = 5*g - 3*g + 2 - g**2 + 1. Let l be 348/20 - 4/10. Suppose -4*t + l = 1. Calculate a(t).
-5
Suppose 0 = -5*f + r - 7 - 0, -5 = 3*f - r. Let l(g) = 6*g**2 - 1 